 k = a - h. What is the highest common divisor of 2 and k?
2
Let n(i) = -12*i**2 - 4. Let w be n(3). Let l be (w/10 - -4)*-5. What is the greatest common factor of 4 and l?
4
Let i = -159 + 351. Calculate the greatest common divisor of 144 and i.
48
Let b(m) = -m**3 + 4*m**2 + 2*m - 2. Let h be b(-2). Let g = 51 - 71. Let z be 58/10 - 4/g. Calculate the highest common factor of z and h.
6
Suppose -4*o = 3*a - 80, -105 = a - 6*a - o. Calculate the greatest common divisor of 30 and a.
10
Let i(d) = d**2 - 2*d + 5. Let o be i(-15). Suppose -3*m + 30 = -u + 82, m = -5*u + o. Calculate the highest common factor of u and 13.
13
Let y = 89 + -88. Let m be y + (2/6)/(9/27). Suppose b - 6 = -2*v, v = -4*b + 4*v + 79. Calculate the greatest common factor of b and m.
2
Let u be ((-2)/7)/2 - (-5330)/70. Calculate the highest common divisor of 28 and u.
4
Suppose -3*f = -f - 20. Let j = 4 - -2. Suppose j*c - c - 200 = 0. Calculate the highest common divisor of f and c.
10
Let c(s) = s**3 + 10*s**2 - 5*s - 24. Let w be 4 + -1 + -9 + 24/(-6). Let y be c(w). What is the greatest common divisor of y and 208?
26
Suppose 37 = 2*l - 35. Let j be (-2)/(0 - 4/l). What is the highest common divisor of j and 72?
18
Suppose 2*f - 903 = -3*i, -4*f + 1826 = -18*i + 20*i. Calculate the greatest common divisor of 27 and f.
27
Let f be 2/5 + (-468)/(-5). Suppose -4*n = 2*t - f, -t + n + 31 + 19 = 0. What is the highest common factor of t and 7?
7
Let f(u) = -u**2 - 24*u - 74. Let t be f(-20). Calculate the highest common factor of t and 54.
6
Let f(q) = 11*q**2 + 3*q - 2. Let x(a) = -11*a**2 - 2*a + 1. Let o(t) = 3*f(t) + 2*x(t). Let i be o(3). Calculate the greatest common divisor of 22 and i.
22
Suppose x + 4 = 10. Let o be (10/6)/(8/48). Let r = 14 + o. Calculate the greatest common factor of r and x.
6
Suppose -1 = -3*x + 23. Let o be 6/(-12) - (-4)/8. Let v be 5 - (1 + 3 - o). Calculate the highest common factor of v and x.
1
Let j = 35 + 34. What is the greatest common factor of j and 161?
23
Suppose h + 4*k = 42, -h + 14*k - 17*k + 36 = 0. Suppose -4*n + n = 3*c - 480, -n = 5*c - 808. What is the greatest common factor of c and h?
18
Let h be -3 + 23 - (2 - -3). What is the greatest common divisor of 195 and h?
15
Let l = -1938 - -2006. Calculate the greatest common divisor of 44 and l.
4
Let m(z) = -2*z**2 + 19*z - 4. Let y be 16*2*2/8. Let k be m(y). Calculate the greatest common factor of 140 and k.
20
Let y be 5 - 2*(-5)/5. Suppose -5*a - 164 = -4*z - y*a, -3*a = 2*z - 78. Suppose -i = 3*i - 28. Calculate the greatest common factor of z and i.
7
Suppose -2*r - 838 = -2*n, -4*n + 1655 = 6*r - 3*r. Suppose -a + 83 + 20 = 2*y, 259 = 5*y + a. What is the highest common divisor of n and y?
52
Suppose -5 = -16*s + 27. Let d be -75*(-3 - 0)/9. Suppose -d = -4*f - f. Calculate the highest common factor of s and f.
1
Suppose -15*d + 4 = -116. What is the highest common factor of d and 288?
8
Let p = -34 - -49. Suppose n = -y + 5*y - p, -5*y = n - 30. Suppose 21 = -3*k + 8*k - 2*z, 0 = 2*k - 3*z - 4. What is the greatest common divisor of k and y?
5
Suppose -n + 3 = -24. Let g = -82 - -298. What is the highest common divisor of n and g?
27
Let a be ((-2)/((-36)/66))/((-2)/(-252)). What is the greatest common divisor of a and 14?
14
Suppose -2*l - o + 118 = 0, -2*l - 19*o + 22*o = -134. Calculate the greatest common divisor of 976 and l.
61
Suppose 4*b + 2*a = -2, 4*b + 2*a + 12 = -2*a. Let o be 1 - (-3 - b) - 2. Let k = 12 - o. What is the highest common factor of 8 and k?
8
Suppose 92 = -3*b + 7*b + 4*t, -t = -3. Suppose -2*o + o = 3*v - 363, 2*o = v + 719. Suppose -3*q + o = -q. What is the greatest common factor of b and q?
20
Let u(l) = -l**2 + 4*l - 3. Let b be u(3). Suppose 0 = -b*p - 5*p + 160. Let q = -606 + 610. What is the greatest common factor of q and p?
4
Suppose 5*h - 16*p = -17*p, -22 = -2*h + 4*p. Calculate the greatest common divisor of h and 8.
1
Let y(r) = -r + 5. Let d be y(4). Let t(z) be the first derivative of -3*z**2/2 + 31*z - 9. Let o be t(9). Calculate the highest common divisor of o and d.
1
Let f = 5 - 3. Let c be (63/6)/((-6 - 69/(-12))*-3). Calculate the highest common factor of f and c.
2
Let l(b) = -3*b - 6. Let k be l(-2). Suppose -2*f + 62 + 386 = k. Calculate the greatest common factor of 28 and f.
28
Suppose -3*s + 2*u + 2*u = -17, -5*s + 5*u = -25. Let c = -1 + s. Suppose -3 = -2*r + 3. What is the greatest common factor of c and r?
1
Let a be (-6)/(-4)*(-12)/(-9). Suppose 5*s = a*s + 30. Let k be (1 - (-4)/(-10))*s. What is the greatest common factor of 6 and k?
6
Let x(p) = -2*p**2 - 52*p - 205. Let k be x(-11). Suppose -2*c + 49 = -2*j - 5, 5*c - 123 = -j. What is the greatest common divisor of k and c?
25
Let f = 273 - 151. Suppose 3*z - f + 50 = 0. Let r be (17 - -1)*4/6. What is the highest common factor of r and z?
12
Let g = -72 + 137. Calculate the greatest common divisor of 13 and g.
13
Suppose u - 406 = -306. Suppose 8 = r - 2. What is the greatest common divisor of r and u?
10
Suppose 0 = -p + 2*k + 56 - 27, -3*k = 12. What is the highest common factor of p and 48?
3
Let v = 179 - 103. Let h be (-76)/(-12)*(11 - 8). What is the greatest common factor of v and h?
19
Let y = 752 + -497. Suppose 0*t = 5*t - y. Let z = t - 29. Calculate the highest common divisor of z and 2.
2
Let d(s) = -s**3 + 26*s**2 + 31*s - 104. Let l be d(27). Let v be (2/(-5))/(2/(-20)). What is the greatest common divisor of l and v?
4
Suppose r - 24 = -5*a, -5*a = 3*r - 10*a - 172. Calculate the highest common divisor of 637 and r.
49
Let a = -389 + 1005. Calculate the highest common factor of a and 44.
44
Let u(z) = 13*z - 267. Let f be u(24). Calculate the greatest common divisor of f and 720.
45
Let h be -3*(-240)/9*2. Let x = 28 - h. Let r = x + 202. Calculate the greatest common divisor of 14 and r.
14
Let z be (-365)/(-15) + ((-16)/3)/(-8). What is the greatest common divisor of 800 and z?
25
Let p = 9 - -75. Let w be 636/18 - 4*6/(-36). Calculate the highest common factor of w and p.
12
Let d(i) = -i**3 - 28*i**2 - 55*i - 63. Let l be d(-26). What is the greatest common divisor of 40 and l?
5
Let x = -94 + 170. Calculate the highest common factor of 114 and x.
38
Let k = -15 - -17. Suppose 5*w = -n + 1255, -n = -k*n - 5. What is the highest common divisor of 28 and w?
28
Let l(s) = s - 2. Let q be l(5). Let p(w) = w**2 - 9*w + 4. Let k be p(9). Let d be k/q - (-4)/6. What is the greatest common factor of 1 and d?
1
Let i(g) = -g**3 + 7*g**2 + 9*g - 7. Let v be -2 - -8 - (2 - 4). Let d be i(v). Let a be 3*(-1)/(d + -4). What is the highest common divisor of a and 11?
1
Suppose -3*y - 5*m + m = -169, -3*y + 137 = -4*m. Calculate the greatest common divisor of y and 17.
17
Let b be 9 - 1*0/(-4). Let q(h) = -1 - 1 + b*h**2 + h + 0. Let c be q(1). What is the greatest common divisor of c and 64?
8
Let o = -3 + 4. Let p = 4 - o. Let x be ((-8)/2 + p)*-7. Calculate the greatest common divisor of x and 7.
7
Let y = 2052 + -1876. Calculate the highest common factor of y and 1320.
88
Let c = 25 + 2. What is the greatest common divisor of 27 and c?
27
Let m be (-38)/(-3) - (-1)/3. Let u = -2256 + 2269. Calculate the greatest common factor of m and u.
13
Suppose -85*d = -88*d + 150. Calculate the greatest common divisor of 550 and d.
50
Let v = 489 + -384. What is the highest common factor of v and 84?
21
Suppose -d + 590 = 5*q, q + 560 = 6*q - 5*d. What is the highest common factor of 18 and q?
9
Let g be 1*-332 - (-12 + 9). Let w = 216 + g. Let p = w + 161. What is the highest common divisor of p and 6?
6
Let a be 474/((-18)/(-10)*145/348). Calculate the greatest common factor of 8 and a.
8
Let f be 1506/14 + 99/231. What is the greatest common divisor of f and 252?
36
Let q be 38/1 - 6*10/(-15). Calculate the greatest common factor of 294 and q.
42
Let s(x) = -4*x - 2. Let b be s(-13). Let l = b + -8. What is the greatest common factor of l and 28?
14
Let w(f) = -f**3 + 10*f**2 + 10*f - 5. Let c be w(11). Let z = c + 21. What is the greatest common factor of z and 5?
5
Let w(a) = 5*a + 4*a + 7*a - 15*a + 7. Let q be w(6). What is the greatest common factor of q and 1?
1
Let y = -62 - -122. Let b = 65 - y. What is the greatest common divisor of 15 